*2 + 4*u. Calculate the remainder when s(-3) is divided by o.
3
Calculate the remainder when (-89 - -4)/(-1) + -4 is divided by 42.
39
Let b be ((0/1)/(-4))/(-1). Suppose -3*m + 9 + 153 = b. Calculate the remainder when m is divided by 11.
10
Suppose 3*w - 1 - 143 = 0. Let m(b) = -b**3 + 4*b**2 + 4*b + 1. Calculate the remainder when w is divided by m(4).
14
Let r = 55 + -47. Calculate the remainder when 23/1*(-1 + 2) is divided by r.
7
Let p = 36 - 24. What is the remainder when p is divided by 1?
0
Let g = 15 - -8. Suppose 23 = -x - i - 4*i, -x - g = -i. Let k = -13 - x. What is the remainder when k is divided by 4?
2
Suppose 3*k - 5*k = 3*a + 112, -5*a + 69 = -k. Let h = k + 170. Calculate the remainder when h is divided by 28.
27
Let q = 12 - -9. Suppose 2*i - v = 9, -i + q = 3*i - 3*v. Suppose 2*n - 2*b = -0*n + 14, 5*n + 3*b - 3 = 0. Calculate the remainder when n is divided by i.
0
Let t = 1 - -1. Suppose -9 + 35 = t*u + 5*g, 14 = 2*u - g. What is the remainder when (-6)/(-15) + 113/5 is divided by u?
7
Let w(h) = 2*h + 8. Let x be w(-6). Let u = 30 + -14. Calculate the remainder when u is divided by (-30)/x*20/25.
4
Suppose r + 0 = 2. Suppose 0 = 2*b - 9 + 3. Calculate the remainder when b is divided by r.
1
Suppose -32 = -h - 2*f, 0 = 3*f - 4*f + 2. Calculate the remainder when 251 is divided by h.
27
Let g(r) = 6*r + 3. What is the remainder when g(4) is divided by 15?
12
Suppose -394 - 29 = -3*b. What is the remainder when b is divided by 37?
30
Let q = 79 - 27. Let g = -3 - -4. What is the remainder when q is divided by -2*(-8 - (2 - g))?
16
Suppose 2*d - 110 - 4 = 0. Suppose -w = 2*w - d. What is the remainder when w is divided by 5?
4
Let n(d) = -d + 1. Let w be n(5). Let t be (-2)/(7/w - -2). What is the remainder when 26 is divided by (-70)/(-8) - 2/t?
8
Let c(m) = -5*m - 5. Suppose -4*w = g - 3*w - 8, 2*w + 12 = 2*g. What is the remainder when c(-5) is divided by g?
6
Suppose 33 = 4*b - b. Suppose -2*x - 8 = 0, n - 68 = -3*n - 2*x. Calculate the remainder when n is divided by b.
8
Let n = -812 + 882. Suppose 2*q = 3*q - 36. Calculate the remainder when n is divided by q.
34
Let i = 313 + -187. Calculate the remainder when i is divided by 26.
22
Calculate the remainder when 23 is divided by 10 - (5 - 0) - -2.
2
Suppose 2*p - 3*p = 0. Let f be (2 - 3/2)*6. Let m = f + p. What is the remainder when 7 is divided by m?
1
Calculate the remainder when 33 is divided by 1 - 24*2/(-3).
16
Suppose 3*v = 5*l - 262, -5*l + 237 + 29 = v. Let w = 380 - 366. Calculate the remainder when l is divided by w.
11
Let n(c) = -2 + 0 - 5*c - 4 + 0. Calculate the remainder when n(-12) is divided by 14.
12
Let y(v) = -v**3 + 7*v**2 - 5*v + 9. Let w(l) = -3*l**3 + 21*l**2 - 14*l + 28. Let k(r) = -2*w(r) + 7*y(r). What is the remainder when 64 is divided by k(5)?
20
Suppose -5 - 13 = l. Suppose 4*v - 15 = -v. Calculate the remainder when (-94)/l - (-4)/(-18) is divided by v.
2
Let f(n) = 13*n + 4. Let w be f(3). Let t = w + -18. What is the remainder when 74 is divided by t?
24
Let b(g) be the first derivative of g**3/3 - 3*g**2/2 - 5*g + 2. Let h = 5 - 0. What is the remainder when b(6) is divided by h?
3
Let i(z) = z + 1. Let x(g) = 2*g - 8. Let c(j) = -6*i(j) - x(j). Calculate the remainder when c(-3) is divided by 20/8*(-54)/(-15).
8
Let h = 8 + -5. Suppose 15 = -5*r + h*d - d, -5*r + 20 = 5*d. Let l = 2 + r. What is the remainder when l is divided by 1?
0
Let f = 16 + -14. Suppose 5*k - f*k - 18 = -b, -5*b = -3*k. Let q = -13 + 22. Calculate the remainder when q is divided by k.
4
Suppose -2*t - 2*t + 88 = 2*m, t = -2*m + 73. Calculate the remainder when m is divided by 12.
10
Let d = 8 - 1. Suppose j = -5*j + 18. What is the remainder when d is divided by j?
1
Let l(n) = -n**3 + 9*n**2 - 8*n + 9. What is the remainder when l(7) is divided by 13?
12
Let b be (-48)/(-9)*-2*3. Let t = -18 - b. What is the remainder when t is divided by 8?
6
Let v = -5 - -24. Let n = 63 + -34. Suppose -3*w + w + n = -3*q, -4*w = q - 23. Calculate the remainder when v is divided by w.
5
Let w be (-2)/((-123)/(-129) - 1). Suppose 3*j = -2*r + 58, -3*r = -5*j + 3*j + w. What is the remainder when 59 is divided by j?
19
Suppose -5*y - 54 = -189. Calculate the remainder when y is divided by 7.
6
Suppose -3 - 15 = -3*p. What is the remainder when 15 is divided by p?
3
Suppose -3*u = -0*u - 54. Let s(k) = -k**3 + 4*k**2 + 2*k + 5. Let x be s(5). Let t = x - -20. Calculate the remainder when u is divided by t.
8
Suppose 3*o - 5 = 49. Calculate the remainder when (-4*(-17)/6)/(30/135) is divided by o.
15
Let z be (2 - 1)/((-6)/(-36)). Let a(f) = 6*f - 1. Suppose 3*v + 4*g = 3*g + 35, g = -1. What is the remainder when a(z) is divided by v?
11
Calculate the remainder when 0/(-2) + (82 - 10) is divided by 37.
35
Let k = 11 + 3. Let r = -11 - -8. Let i(c) = -c**3 + 2*c**2 + 3*c + 5. What is the remainder when i(r) is divided by k?
13
Let k = 40 - 11. What is the remainder when 52 is divided by k?
23
Suppose w - 127 = -3*c, -w + 4*w - 123 = -3*c. Suppose -3*g + 2 + 31 = 0. What is the remainder when c is divided by g?
10
Suppose -2*p + 57 = 3*i - 6*p, 2*p = 0. Let q(x) = -x + 12. Suppose -2*w - 7 = -3*h + 16, 4*w + 1 = -3*h. What is the remainder when i is divided by q(h)?
5
Let j be (-1)/(-6)*3*-56. Let d = -17 - j. What is the remainder when 43 is divided by d?
10
Suppose 2*v = 4*v. What is the remainder when (-9)/((-27)/66) - v is divided by (-6)/5*20/(-3)?
6
Suppose 2*d = -0*d - 5*g + 47, -5*d = -2*g - 161. Suppose 0 = -2*q + 3*q - d. Calculate the remainder when q is divided by 16.
15
Let x(j) = -j**2 - 15*j - 3. What is the remainder when x(-12) is divided by 23?
10
Suppose -4 + 12 = 4*d. Suppose -y + 0*y = 0. Suppose -5*b - 2*m + 35 = 0, b + 0*m - d*m - 7 = y. Calculate the remainder when 19 is divided by b.
5
Suppose 9*u = 4*u + 25. Suppose 0 = 2*o - 0*o - 16. Suppose 2*h - h = o. Calculate the remainder when h is divided by u.
3
Let p(t) = 2*t**2 + 4*t - 4. Let y be p(-4). Suppose -y = 2*z + 18. Let h = -8 - z. Calculate the remainder when h is divided by 3.
1
Let v be (2 - (-1 - -3)) + -3. Calculate the remainder when 27 is divided by (0 - -14) + 4 + v.
12
Let f = 15 - -47. Suppose -2*u + 6*i + f = i, -4*u + i = -88. Suppose -5*d = -2*h - 82, -d = -4*h - h - u. What is the remainder when d is divided by 6?
4
Let l(v) = v**3 + 74. What is the remainder when l(0) is divided by 19?
17
Suppose -t + 1 = q, 3*q - t - 2 = 5. Suppose -z - 17 = -5*k, -4*z + 2*k + 5 = 1. What is the remainder when z is divided by q?
1
Let s = -24 + 53. Suppose -34 + 9 = -5*g. Suppose -4*l + r = -43, 2*l - 25 = l + g*r. What is the remainder when s is divided by l?
9
What is the remainder when 108 is divided by (0 - 1)*-59 + -3?
52
Let a be 0 + 5/(-2)*10. Let k = 21 - a. Let x = 144 + -128. What is the remainder when k is divided by x?
14
Suppose 0 = -k - 9*k + 340. Calculate the remainder when k is divided by 19.
15
Let z(l) = -l**2 - 15*l + 4. Let m be z(-15). Suppose 0 = 3*u - m*u + 4. Calculate the remainder when 15 is divided by u.
3
Suppose -4 = c + 2. Calculate the remainder when 106/6 - (-4)/c is divided by (2 - -6) + (-1 - 1).
5
Suppose -224 = -4*t + 12. What is the remainder when t is divided by 20?
19
Let z(t) = t**3 + 7*t**2 + 9. Let x = 4 + -2. Suppose 5*g - x*r - 81 = -r, 15 = g + r. Calculate the remainder when g is divided by z(-7).
7
Suppose 0 = 5*h + 4*c - 131, -2*h = 3*c + 2*c - 66. What is the remainder when h is divided by 8?
7
Let k be (6/(-3)*2)/(-1). Let s = -74 - -133. Calculate the remainder when s is divided by 124/8 - 2/k.
14
Let w = -74 - -131. Calculate the remainder when w is divided by 20.
17
Let p be (-2)/7 - (-506)/7. Let t(d) = -2*d - 15. Let x be t(-10). Suppose -p = -x*b + 103. Calculate the remainder when b is divided by 19.
16
Let s(q) = -q + 18. Suppose -4*k = -2*y + 26, -2*y + 4*k - 3*k = -17. Calculate the remainder when s(0) is divided by y.
4
Let g be -2*90/4 + 1. Let r = g + 107. What is the remainder when r is divided by 22?
19
Let t(i) be the second derivative of -i**3/6 - i**2 + i. Let v be t(-7). What is the remainder when (-5)/1*(-14)/v is divided by 5?
4
Suppose -3*r - 4*y = -10, y = -3*r + 12 + 13. What is the remainder when 28 is divided by r